3*x - h, 2*x + 302 = 2*v. Is v composite?
True
Suppose 7*n = 4*n. Let j(y) = 3*y**2 + 3*y + 1. Let o be j(-2). Let b = n + o. Is b composite?
False
Let v(f) = -14*f**3 + 8*f**2 + 6*f + 3. Is v(-6) prime?
False
Suppose 5*o + 549 = 2884. Is o prime?
True
Let j be (-9232)/(-40) + (-2)/(-10). Suppose p + j = 4*p. Is p a prime number?
False
Let c = 1 + 0. Suppose 0 = 4*y + c - 57. Is y a composite number?
True
Let b(l) = 1 + 143*l - 144*l + 8. Is b(-4) a prime number?
True
Let u be 6/(-4)*(-80)/12. Let z = u - 11. Is z + 0 + 57 + 3 prime?
True
Let d(y) = -88*y + 13. Is d(-22) prime?
True
Suppose 79 = f - 214. Is f composite?
False
Let u(m) be the second derivative of -11*m**3/6 + 3*m**2/2 + 2*m. Is u(-4) composite?
False
Let p be 4/(-10) + 2/5. Suppose p*r - r + 11 = 0. Suppose -q = 4 - 5, -4*j - 3*q + r = 0. Is j composite?
False
Suppose 16 = 5*p - 4*l, -4*p + 2*l = -3*l - 11. Suppose -250 = -p*w - w. Suppose -w - 7 = -3*o. Is o composite?
False
Let i(m) = 22*m - 5. Let k be i(2). Suppose 497 = 4*a - k. Is a composite?
True
Suppose 2*k = 4*i + 67 + 11, 16 = -4*i. Is k composite?
False
Let n(m) = m**2 - 9*m + 6. Let g be n(8). Let p be (g + 129/(-3))/(-1). Suppose 4*i + 3*q - 205 = 0, 3*i + p = 4*i + 2*q. Is i composite?
True
Suppose -2*t = -8, -3*t + 2 = 3*o - 16. Suppose -o*c + 524 = 4*u, u = 3*u - 8. Is c prime?
False
Let j(y) = 3*y**2 - 9*y + 7. Let f be j(9). Suppose n = -0*n + f. Is n prime?
False
Let h be (4/(-6))/(2/(-15)). Suppose -5*a = 2*n - 23, -h*n = -a - a - 14. Is (-1 - 0)*(a + -18) prime?
False
Let l = -2 - -3. Let f be ((-6)/l)/(-3) + 688. Suppose -f = -5*k - 215. Is k composite?
True
Let i(h) = 6*h**3 - 2*h**2 + 2*h - 1. Let t be i(1). Suppose -3*w = -t*q - 738, 0*w = w + 4. Is 2/(-2) - (q + 0) composite?
False
Let m = 4010 + 12625. Is ((-2)/(-6))/(5/m) a prime number?
True
Suppose -114 = -3*r - 2*c + 95, -264 = -4*r + c. Let p = r - -44. Is p a prime number?
False
Suppose -22 = -5*a - 3*n, -a - n - 18 = -6*n. Suppose 0 = -a*j + 177 + 205. Is j a prime number?
True
Let l = -72 + 187. Is l a prime number?
False
Suppose 4*u = 2*u. Suppose u = 3*y - 1 - 2. Is (-26)/(-8)*y*4 a prime number?
True
Suppose -3625 = -3*f + 2*r, 0*f + 2*f + 5*r - 2442 = 0. Is f prime?
False
Let f = 2027 + -1440. Is f a prime number?
True
Let m = 4470 + -2813. Is m a prime number?
True
Suppose 3*x - 6 = -24. Is 441/4 + x/(-8) composite?
True
Let j(w) = 360*w**2 - w - 1. Is j(2) prime?
False
Is 3/7 - (-2704)/28 prime?
True
Let b(y) = y - 10. Let s be b(-8). Let a = 5 - s. Is a composite?
False
Let r(o) = o**3 + 7*o**2 - 2*o. Suppose j - 4*b = 5, 2*b + 4 + 2 = 0. Is r(j) composite?
True
Let m = -116 + 303. Let s = m + -72. Is s prime?
False
Let v = 4 + -7. Let l(g) = -9*g**3 + 5*g**2 + 3*g + 2. Let b be l(v). Suppose 0 = 5*k - 164 - b. Is k composite?
False
Let f(d) = d**3 + 7*d**2 - d + 9. Let x be f(-7). Suppose -n + x + 5 = -2*i, 5*n - 5*i = 90. Is n prime?
False
Let w = 75 - -124. Is w prime?
True
Let k = -3623 - -9012. Is k a prime number?
False
Let p(q) = q**3 + 7*q**2 + 5*q - 6. Let h be 4/(-20) + (-58)/10. Let m be p(h). Is 2 + m - (-114 - -1) a prime number?
False
Suppose -2*w - 3*p - 2 = -0*w, 4 = 2*p. Is 22/(-3 + (-16)/w) a composite number?
True
Let u = 540 + -363. Let p = -124 + u. Is p composite?
False
Let a(h) = h - 11. Let f be a(11). Is ((-4)/(-8) + f)*262 composite?
False
Is (-7 + -2)*(-7)/3 prime?
False
Suppose -5*l + 5*n + 3665 = 0, 3*n + 221 + 504 = l. Is l prime?
False
Let k be ((-8)/16)/((-2)/20). Suppose 1120 = 5*b + k*w, 4*w - w = 15. Is b a composite number?
True
Let b(f) = -f**3 - 8*f**2 - 7*f + 5. Let g be b(-8). Let d = g - -618. Is d a prime number?
False
Let q(a) = 7*a**2 - 13*a + 4. Let s(n) = -3*n**2 + 6*n - 2. Let i(r) = -2*q(r) - 5*s(r). Is i(-4) composite?
True
Suppose -2*t - 4*a + 3012 - 494 = 0, -t + 4*a = -1259. Is t a composite number?
False
Let b be (-4)/(1 + 0) + 0. Is (-154)/(0/b - 2) composite?
True
Suppose 633 = 7*n - 4*n. Is n a prime number?
True
Suppose 0 = 5*l - 25, 3*u + 4*l = -2484 + 7475. Is u a composite number?
False
Suppose 47*t - 1145 = 46*t. Is t a prime number?
False
Suppose -5*n - 3083 = -2*r + 1883, 1000 = -n - 3*r. Let x be n/(-10) - (-4)/(-10). Suppose -3*s + x = 3*b + s, -s - 188 = -5*b. Is b composite?
False
Let z = 421 + -222. Is z a prime number?
True
Let c be (0/(-1))/(-2) - 35. Let a = -20 - c. Is a a prime number?
False
Let v(x) = -3*x + 285. Let z(f) = -10*f + 856. Let n(p) = 7*v(p) - 2*z(p). Let d be n(0). Suppose -4*l = -6*l + 4*o + 210, d = 3*l + 2*o. Is l a prime number?
True
Let m be 1 - (0 + -3*10). Suppose m = p - 3*y, -5*p - 2*y = -91 - 81. Is p prime?
False
Let v(h) = 8*h - 1. Let z be v(6). Let k = 212 - 86. Let a = k - z. Is a composite?
False
Let f(h) be the second derivative of h**6/144 + h**5/24 - h**4/3 - 4*h. Let v(d) be the third derivative of f(d). Is v(6) a composite number?
True
Let j(n) = 18*n - 2. Let h be j(-3). Let g = h - -34. Let v = g - -41. Is v a composite number?
False
Suppose y + 89 + 322 = -3*r, 5*y = 15. Is r*1/(-2) + 2 prime?
True
Suppose 3*x - 836 = 5*d + 603, -3*d = -x + 485. Is x composite?
True
Let o(h) = -h**2 + 3*h + 2361. Is o(0) prime?
False
Let l(c) = c**3 - 5*c**2 + 5*c - 8. Suppose -2*q + 5*t + 43 = q, -t - 5 = 0. Is l(q) a prime number?
False
Let d(j) = -j**2 - j + 69. Let z(u) = -u - 2. Let q be z(-2). Let m be d(q). Let c = m + 22. Is c a composite number?
True
Let i = 5 - 3. Suppose -5*m = -2*t - 2*m - 13, 5*t + 4*m = i. Let l = t + 117. Is l a composite number?
True
Let t = 99 + -54. Suppose t = 2*s - 19. Is (-1 - -3) + 1 + s composite?
True
Suppose 5*h - 4*x = -14, 8*x = 3*h + 3*x - 2. Let l = h + 8. Suppose -y + 55 = 2*r + 2*y, l*r - 49 = 3*y. Is r prime?
False
Let r(v) = 8*v - 10. Is r(7) a prime number?
False
Suppose -6*u - 1165 = -11*u. Is u a prime number?
True
Let s(n) = -n + 21. Let g = 3 - 3. Is s(g) a prime number?
False
Suppose -280 = -5*s + 3*v + 661, 4*s + 2*v - 744 = 0. Is s a composite number?
True
Let c = 4 - 8. Is ((-155)/4)/5*c prime?
True
Let f = 25 - 20. Suppose 74 - 799 = -f*n. Is n composite?
True
Let t(j) = -8*j - 4. Let w be t(-4). Is 7260/w - (-4)/(-14) prime?
False
Suppose -16*g - 7*g + 57845 = 0. Is g composite?
True
Let c = -4 + 4. Suppose -y + c*y = -4. Suppose y*j - 73 = 3. Is j a prime number?
True
Let r(l) = -405*l + 19. Is r(-6) prime?
False
Let l be (2/(-4))/((-2)/4). Let t = l + 1. Is ((-235)/20)/(t/(-8)) composite?
False
Let l(g) = -7*g. Let c(o) = 11*o - 1. Let f(d) = 21*d - 2. Let i(a) = 7*c(a) - 4*f(a). Let t(q) = -3*i(q) + 2*l(q). Is t(6) composite?
True
Let c = 97 - -5. Let r = 241 - c. Is r prime?
True
Let r(x) = -4*x - 2. Let u = 2 - 0. Let b be r(u). Is 6/(-15) - 914/b a prime number?
False
Suppose 0 = -80*w + 74*w + 13218. Is w composite?
False
Let j = -7630 - -11597. Is j a prime number?
True
Let g(w) = 329*w - 15. Is g(1) composite?
True
Suppose -d - 8 = d. Is d/10 - (-854)/10 composite?
True
Suppose -3 = -f - 0. Suppose -f*c + 0*c = -1020. Suppose a = 0, -3*s = 4*a - c - 107. Is s composite?
False
Suppose f = 1 + 1. Let x(m) = 2*m**3 - 4*m**2 + 4*m + 7. Let j be x(5). Suppose d = -f*d + j. Is d a prime number?
True
Suppose -26 = -5*k + 4. Suppose 150 = k*l - 3*l. Suppose 0 = i - 9 - l. Is i a composite number?
False
Let x = 1 - -3. Suppose -4*u = j - 30, -j + x*u + 6 + 8 = 0. Is j a composite number?
True
Suppose 1525 = 10*h - 39205. Is h a composite number?
False
Suppose 0*o = 5*o - 40. Suppose 2*h = -5*m - 338, -o*h + 3*h = -5*m - 310. Is 0 - (m + 2 + -1) a composite number?
True
Suppose -3*y + 2*y - 170 = 0. Let a = y - -319. Is a prime?
True
Is (1 + 1)*(-178)/(-4) a prime number?
True
Suppose 0*x - 3*x - 7447 = -2*t, 5*x = 4*t - 14891. Is t composite?
False
Let s be (-19)/(1 - (-12)/(-9)). Let r = s + -26. Let z = 158 - r. Is z a composite number?
False
Let z(t) = -2*t + 10. Let h be z(7). Let c = h - -104. Suppose -2*l + c = 26. Is l composite?
False
Is 10/((-2)/46*-2) prime?
False
Let t(l) = -l**3 + 7*l**2 + 2*l - 8. Let j be t(7). Suppose 2*s - j*s = -532. Is s prime?
False
Let b be 0/(-1) - (0 + -2). Suppose -168 = -3*v + v + k, -253 = -3*v + b*k. Is v prime?
True
Let f(d) = -2*d - 6. Let r be f(-3). Suppose -3*x + 120 + 117 = r. Is x composite?
False
Suppose -2 = h + 3. Is ((-290)/